= s*a + 4*v - 142. Calculate the greatest common factor of n and a.
10
Let k(n) = 5*n**2 + 7*n - 12. Suppose 0 = 5*d - 0 - 55. Let v = 13 - d. Let o be k(v). Calculate the greatest common divisor of 44 and o.
22
Let x = 1657 + -977. Suppose 22*l = 18*l + x. Suppose -l - 54 = -8*p. What is the highest common factor of p and 252?
28
Suppose 38*r - 73392 = 5*r. Calculate the greatest common factor of 417 and r.
139
Let k be (-3540)/(-14) - 64/(-448). Let w be (k/(-115))/(1/(-3))*25. What is the greatest common factor of 30 and w?
15
Let q(p) = 0*p**2 + 2*p + 15*p**2 - 3*p. Let x be q(-1). Let r be 485/(-388)*(-8 + (-8)/(-5)). What is the highest common factor of x and r?
8
Let p(f) = -f**3 + 22*f**2 - 26*f - 18. Let w be p(9). Calculate the greatest common divisor of w and 178.
89
Let c = -2211 - -2229. What is the greatest common divisor of 5958 and c?
18
Suppose 2*f = 59*o - 63*o + 458, -5*o + 4*f + 566 = 0. Calculate the highest common divisor of o and 551.
19
Suppose -4*j + 2*w = -8908, 0 = 12*j - 14*j + 2*w + 4452. Suppose 15*l = j + 3967. What is the highest common divisor of l and 7?
7
Suppose -38*v - 50*v - 297944 + 982320 = 0. Calculate the highest common factor of v and 77.
77
Suppose 1741 = 10*l - 4229. Let w = 795 - l. Calculate the highest common factor of 495 and w.
99
Let i(d) = -d**3 + 11*d**2 - d + 7. Let c be i(5). Let j = c - 107. Suppose -j = -3*y - 21. Calculate the greatest common divisor of y and 2.
2
Let s(d) be the third derivative of -2*d**4 + 4*d**3/3 - 5*d**2. Let n be s(-6). Let p be 1/2*-4 + n. Calculate the greatest common factor of 42 and p.
42
Let n(o) = o**3 + 16*o**2 + 2*o + 26. Let w be n(-16). Let b be (4 + w)*(-3)/2. Calculate the highest common divisor of b and 87.
3
Let x = 58 - 48. Suppose 2*u = -5*l + x, 5*l + 2*u - 15 = u. Suppose 0 = s + l*h + 5, 16 = -4*h + 4. What is the greatest common factor of s and 7?
7
Suppose 2*t = 2*m - 352, m - 218 = 5*t - 26. Suppose -m = -4*y - 44. Let h(u) = 55*u + 389. Let i be h(-7). What is the greatest common divisor of i and y?
4
Suppose 81 = -4*a + a. Let f = 57 + a. Suppose -4*q - 6 = -0*o - o, 4*q + 46 = 5*o. What is the greatest common factor of o and f?
10
Let h = -4 + 49. Let u = -217960 - -218095. Calculate the highest common factor of h and u.
45
Let c be 11134/30 + (-12)/(-4) + (-235)/75. Calculate the highest common factor of c and 112.
7
Let t = -7283 - -7556. Let r = -7 + 85. Calculate the greatest common factor of t and r.
39
Let k be (-231 - 0)/(2/(-2)). Suppose 7*j + 1203 = 649 + 1016. Calculate the greatest common factor of k and j.
33
Suppose 13*s = 12*s + 4*y + 373, 5*s = 5*y + 1880. What is the highest common divisor of s and 130?
13
Let a(g) = 2*g**2 + 29*g + 120. Suppose 17*m - 34 = -136. Let v be a(m). What is the greatest common divisor of v and 72?
18
Let d(h) = 151*h - 1091. Let s be d(36). Calculate the greatest common factor of 110 and s.
55
Suppose -16*c + 1006 = -2612 - 702. What is the greatest common factor of c and 570?
30
Let w = -1695 + 1703. Calculate the greatest common divisor of w and 212.
4
Let a = 4805 - 4802. Suppose 0 = -3*n - d + 1891, 4*n = -4*d + 1172 + 1352. Suppose 7*r - n = -a*r. Calculate the greatest common divisor of 9 and r.
9
Let t be 4 + 8/(-4) - (-14 - -1). Suppose -15 = -r + t. Let k be 68/(-510) + (214/r - -1). What is the greatest common factor of 8 and k?
8
Suppose 0 = -12*v + 8*v + 5*c + 26, -5*c = 2*v + 2. Suppose 3*j - v*p = 8*j - 200, -4*j + 5*p + 119 = 0. Calculate the greatest common divisor of j and 48.
12
Let p(h) = h**3 + 8*h**2 - 7*h + 18. Let t be p(-9). Suppose 0 = -5*n - 10, 5*c - 9*n + 4*n - 2250 = t. What is the greatest common divisor of c and 56?
56
Let j(g) = g + 18. Let x(z) = z**2 + 6*z - 32. Let f be x(4). Let m be j(f). What is the greatest common divisor of 130 and m?
26
Suppose -6*o - 4*z - 1732 = -7*o, 5*z = -5*o + 8510. What is the greatest common divisor of o and 196?
28
Let u(n) = -39*n - 26. Let f be u(-1). Suppose -f*c + 0 + 104 = 0. What is the greatest common factor of c and 128?
8
Let m = -272 - -538. Let b = 7486 + -7479. What is the highest common divisor of m and b?
7
Let o(n) = 19*n + 961. Let c be o(17). Calculate the greatest common divisor of c and 36.
12
Suppose -3*n + 47 = 4*y, -4*n + 45 - 8 = 3*y. Suppose 15*d - 24 = y*d. Let i be -4 + (28/d)/((-20)/(-210)). Calculate the highest common factor of 18 and i.
9
Let k be (60/(-25))/6 + 2/5. Suppose k = 5*d - 81 + 21. Suppose -7 - 113 = -2*v. Calculate the highest common divisor of v and d.
12
Let y = -19 + 37. Let r(p) = 3*p + 42. Let t(x) = 2*x. Let i(h) = r(h) - 2*t(h). Let s be i(y). What is the highest common divisor of 16 and s?
8
Let a be (-4)/11 - (-89052)/3982. What is the greatest common divisor of 3058 and a?
22
Let z(n) = 395*n**3 - 13*n**2 + 13*n - 6. Let h be z(2). What is the greatest common divisor of 736 and h?
184
Let p(h) = 4*h**2 - h - 3. Let d be p(3). Let g be (-7 - 5)*4620/(-504). What is the highest common factor of g and d?
10
Let i be (-1 - -3)/(1/22). Let d be ((-12)/(-18))/(12/(-54)). Let s be 7 + -4 + (d - -176). What is the highest common divisor of i and s?
44
Let l = 21 - 19. Suppose -5*a - 184 = 2*s, -l*a = 3*a + 5*s + 190. Let x = a - -43. What is the highest common divisor of 63 and x?
7
Suppose -v + 20 = 3*s, -17*s + 22*s = 3*v + 10. Suppose 2*d + 3*j - v*j = 1582, 2*d + 2*j - 1590 = 0. Calculate the greatest common divisor of d and 13.
13
Let r = -4406 + 4420. Calculate the highest common divisor of r and 4396.
14
Let o = 177 - 96. Let l = -77020 + 77023. What is the highest common divisor of l and o?
3
Let g(x) = x**2 - 16*x + 13. Let w be g(14). Let d(q) = 8*q + 162. Let i be d(w). Calculate the highest common factor of 210 and i.
42
Suppose -19*q + 27*q - 16104 = 0. Suppose -o = 2*o - q. What is the highest common factor of 61 and o?
61
Let s be -2*1/3*(-351)/(-78). Let j(c) = 2*c**3 + 6*c**2 - c - 2. Let g be j(s). Calculate the highest common divisor of g and 140.
1
Suppose -14*o - 320 = -9*o. Let p = o + 118. Let k(z) = -18*z - 63. Let r be k(-11). Calculate the highest common divisor of p and r.
27
Suppose -3 = -3*m + 6. Let a(b) = 0*b**2 + 14 + 4*b + 14 - b**2 + 6 - 35. Let p be a(m). Calculate the highest common factor of p and 2.
2
Let g be 76/(-10) + (18/5 - 3). Let i(h) = 5*h**2 - 30*h - 15. Let r be i(g). What is the highest common factor of r and 40?
40
Let w(a) = 2*a + 30. Let s be 4 + -1 + (9 - (-9)/(-3)). Let v be w(s). Suppose -6*i = -2*i - v. Calculate the greatest common divisor of 48 and i.
12
Suppose -2*x - 40 = -5*n + 11, 0 = 4*n - x - 42. Let y = 9 + n. Let s be y/(-6)*(-255)/10. What is the greatest common divisor of 17 and s?
17
Let k = 34426 - 32072. What is the greatest common factor of k and 3638?
214
Let q(n) = -n. Let y(j) = 18. Let m(p) = -2*q(p) + y(p). Let z be m(12). Let g = -178 + 472. Calculate the highest common divisor of g and z.
42
Suppose 0 = -5*r + 94 - 19. Let k(h) = -113*h**2 + 4*h + 5. Let j be k(-1). Let d = -67 - j. Calculate the highest common factor of r and d.
15
Suppose 2*v = 6*s + 552, -2*v + 3*s + 285 = -252. What is the greatest common factor of v and 21663?
261
Let p be ((-45)/5)/(-27)*24. Suppose -3*b - 3*u + 1161 = 0, -p*b - 4*u - 1971 = -13*b. Calculate the greatest common divisor of 51 and b.
17
Let z be (-392)/(-294)*(-477)/(-12). What is the highest common factor of z and 18?
1
Suppose 250*y = 92*y + 47558. What is the highest common divisor of 9589 and y?
43
Let l(g) = 3*g - g**2 + 0 + 2*g**3 - 5*g**3 + 2. Let j = -596 - -593. Let v be l(j). What is the highest common divisor of 26 and v?
13
Suppose -7*f = -s + 736, -27*s + 30*s + 2*f = 2392. Calculate the highest common divisor of s and 1100.
44
Let a = 140 - 56. Let y = -57 + a. Calculate the highest common divisor of 189 and y.
27
Let m(b) = 3*b**2 + 9*b - 8. Let y be m(-7). Let g be 2/(18/(-891)*-9) + 122. What is the highest common divisor of g and y?
19
Let m be 7707/36 - (22/(-24) - -1). Calculate the greatest common factor of 5243 and m.
107
Let d(q) = -q**3 - 2*q**2 + 2. Let i be 6/(-3*4) - 126/4. Let l be i/14 + 2/7. Let z be d(l). Calculate the highest common factor of z and 2.
2
Suppose 0 = t + 4*h - 5*h - 2858, 4*h = 3*t - 8576. Suppose t = 39*r - 5*r. Calcu